q - w, 4*m = -0*q - q + 513. Is m prime?
True
Suppose -6*g + 11*g = 0. Let y be (-7908)/(-6)*((-3)/2)/(-3). Suppose -2*z - 2*k + k + 1318 = g, z - 3*k = y. Is z composite?
False
Let x be (-57)/76 - 311786/8. Let c = -26133 - x. Is c composite?
False
Suppose 5*h - 2*a - 9 = 5, 4 = -2*a. Suppose -2*d = h*r - 2106, 1577 = 2*d + 5*r - 541. Is d prime?
True
Let v(p) = 99*p**2 + 223*p + 185. Is v(-31) prime?
True
Let i(b) = -6*b + 17. Let n be i(9). Let x = n - -43. Is 8874/10 + x/(-15) a composite number?
False
Let p(y) = -3*y - 9. Let x be p(0). Let n(v) = -7*v**2 + 18*v - 17. Let c be n(x). Is c*3/((-30)/5) prime?
True
Suppose 0 = 4*t + 5*l - 106728, -3*l + 0*l = 5*t - 133397. Suppose -58*f = -51*f - t. Is f composite?
True
Let y(x) = -9*x + 60 + 10 - 30. Let z be y(4). Suppose -3704 = -4*n - z*d, -4*d - 2743 = n - 4*n. Is n composite?
True
Is 9934190/(-168)*-6*2/5 a composite number?
False
Suppose 427896 = 26*j - 5*j. Suppose -5*z + 1589 = -j. Is z a composite number?
True
Let o = -51381 + 155332. Is o a prime number?
True
Suppose -3*h - 304579 = -126*d + 122*d, 304559 = 4*d + h. Is d a prime number?
False
Suppose -68*n + 30*n + 30*n = -2497912. Is n composite?
True
Suppose 3*v + 62 = -h, -4*h + 0*h - 77 = 3*v. Let g(z) = -z**3 + z**2 - 13*z - 2. Is g(v) prime?
False
Is (17734626/(-44) - 20/880*-8)*-2 a prime number?
False
Suppose -4*j - 14*j + j = -11351359. Is j prime?
True
Let w = 114 - 74. Let h(j) = 39*j**2 - 40*j**2 + w*j + 17 - 10*j. Is h(24) a composite number?
True
Suppose -2*r + 48 = 4*r. Is ((-148)/16 - -9) + 69130/r a prime number?
True
Is 688/(-172)*(-1147574)/8 prime?
True
Is (57449 + 73)/(4/2) a composite number?
True
Is (2 - (1 + -124233))/(10 - 13 - -5) composite?
True
Let l(r) = -7*r**3 - 39*r**2 + 19*r - 130. Is l(-19) a composite number?
True
Suppose 0 = 2*n - 5*h - 26184, 968*h - 971*h + 26168 = 2*n. Is n prime?
False
Suppose -76*w = -17*w - 13015798 - 112192881. Is w a prime number?
True
Suppose -2*t = o - 905843, -1811716 = -4*t + 332*o - 324*o. Is t prime?
True
Let d = -65510 - -159987. Is d a prime number?
True
Is ((-12)/(-72))/((-2)/(-6))*60954 a prime number?
False
Suppose 17*m + 34864 = 148560. Suppose h = 5*i + 4*h - m, 4*i - 3*h = 5345. Is i a prime number?
False
Let k(w) = w**3 + 11*w**2 + 12*w + 32. Let u be k(-10). Let r be u/(-28) - 17716/(-14). Suppose -r = -122*i + 117*i. Is i composite?
True
Let f = -125 + 125. Suppose f = -3*m + 1025 + 9664. Is m composite?
True
Is (90826/(-5))/(1088/680)*4*-1 prime?
True
Let l = 1265 + -7647. Let y = l - -10653. Is y prime?
True
Let y = 225 - -10. Let q = -150 + y. Is q composite?
True
Suppose -7*c = 40186 - 197651. Suppose 5*m - c - 14214 = 3*j, 0 = -m - 5*j + 7353. Is m prime?
False
Let r = -3256 + 76887. Is r a prime number?
False
Suppose 25*p + 129720 = 27*p. Suppose p = 20*z - 973520. Is z composite?
True
Suppose 1631272 + 3768485 = 30*h + 341967. Is h prime?
False
Let x(o) = -3624*o - 2513. Is x(-36) composite?
False
Let b be 4/(-8) + (-39)/(-6). Suppose -b*u + 4*p = -u - 20, -5*u = 4*p - 60. Suppose u*k = 10*k - 4314. Is k a prime number?
False
Let h(z) = -977*z**3 + 3*z**2 + 2*z - 1. Let x = 231 + -232. Is h(x) a composite number?
False
Suppose -3*s + 144 = 6*s. Suppose 12*z + 9284 = s*z + 2*b, b + 2321 = z. Is z a composite number?
True
Let w be (193893/245)/(2/10). Suppose 3*h - 9589 = 5*g, -2*h + g + w = -2445. Is h a prime number?
True
Is -70838*(0 + (-4)/8) a composite number?
False
Let t(n) = 2*n - 4. Let f be t(4). Let b be 4 - f - 1 - -349. Suppose 0*h = -6*h + b. Is h a prime number?
False
Let q = 291056 + -197929. Is q composite?
True
Suppose 4*l = 201*b - 197*b - 432640, 4*l + 324474 = 3*b. Is b composite?
True
Let d(t) = t**2 + t + 2. Let x = -33 + 33. Let k be d(x). Is k/(-1)*(-1174)/4 composite?
False
Let i = -182 + 257. Let y = i - 63. Let o(u) = -u**3 + 17*u**2 - 6*u + 29. Is o(y) composite?
False
Let u(l) = l**3 + 3*l**2 - 9*l - 2. Let o be u(-5). Let s(k) = 145*k**2 - 3*k - 63. Is s(o) a prime number?
False
Let g = 86 + -67. Let r(b) = g + 61*b - 10*b - 4*b. Is r(5) composite?
True
Suppose 13*a = 8*a + 5. Let i(d) = 490*d + 1. Let c be i(a). Suppose -636 = -4*y + 2*m - 0*m, -3*y - 2*m + c = 0. Is y a prime number?
False
Let b = 32418 - -230917. Is b a prime number?
False
Let a = -54217 + 95376. Is a prime?
False
Suppose 0 = -48*t + 46*t + 8. Suppose -11*c + 8*c - 12901 = -t*n, 0 = 5*c + 15. Is n a prime number?
False
Suppose -21*d - 164601 = 84*d - 2257986. Is d prime?
True
Let a(i) = 26*i**2 - 14*i + 15. Let d be a(9). Suppose -2*f - 1753 = -3*t + 239, -3*f - d = -3*t. Suppose 3*q + 2*m - 709 = 284, 2*q = -3*m + t. Is q prime?
True
Let d be 140/21*(-2)/(4/(-13995)). Suppose 0 = 26*m - d + 4452. Is m composite?
True
Let b(o) = 9*o - 14. Let d be b(2). Suppose d*v - 1688 = 3*j, -5*v + 5*j = -2820 + 705. Is v composite?
False
Let c(x) = 65 + 26*x - 17*x - 21*x - 69*x. Is c(-16) composite?
False
Suppose -2*w - 266 = -7*y + 4*y, 0 = -2*y - w + 175. Let i = -85 + y. Suppose i*x + 1303 - 7264 = 0. Is x a prime number?
True
Let j = -6628 - -6622. Let u(m) = -448*m - 89 + 193*m - 853*m. Is u(j) a prime number?
False
Suppose 2*z - 366*c + 370*c - 21670 = 0, 4*c = 5*z - 54147. Is z composite?
False
Let j = 71 - 43. Let d(u) = -6*u + j + 27 + 22 - 88. Is d(-21) a composite number?
True
Let w(q) = -q**2 - 7*q - 7. Let v be w(-5). Suppose -4*r + v*x + 22 = x, -5 = -5*r - 2*x. Suppose -i - 4446 = -r*j, 0 = 2*j - 5*i - 1682 - 1295. Is j composite?
False
Let j be (108/72)/(1/((-9148)/3)). Let m = 17091 + j. Is m a composite number?
False
Suppose -5*n + 8*n = -12. Let g(t) = 341*t**2 + 6*t + 6. Is g(n) a prime number?
False
Is 17585 + (-294)/(-14) + 3*-3 a prime number?
True
Let r = -169 + 181. Let y(j) = 1053*j - 25. Is y(r) a prime number?
True
Let q be -2*(-83975)/10*1. Suppose -4*r = -5*u - q, 0 = 2*r - 4*u - 7158 - 1244. Is r composite?
True
Let g = 222 - 144. Let c = g - -6955. Suppose 41956 = 7*w + c. Is w a prime number?
False
Let z = 24137 + -40136. Let v = 22838 + z. Is v a composite number?
True
Suppose 0*z = 4*z + 28. Let c(y) = -3 + 28*y - 58*y - 31*y - 9 - 72*y. Is c(z) composite?
False
Let z = 1565 + -414. Let u = z - 484. Is u prime?
False
Let p(a) = -23*a**3 + 2*a**2 + 10*a + 7. Is p(-6) prime?
True
Let r = -11265 + -13591. Let k = r - -43905. Is k composite?
True
Let m = 271 - 275. Let d(u) = 7*u - 11 + 57*u**2 - u - 3*u. Is d(m) composite?
True
Let w(b) = 249*b**2 - 137*b**2 + 2*b**3 + 7*b - 132*b**2 + 6. Is w(13) composite?
True
Suppose -6*n + 3*n = 4*o - 131, 5*o - n - 178 = 0. Let d be (o/(-3))/(1*1/3). Is 15/d - 1784/(-14) prime?
True
Let d = 49146 - -320083. Is d a composite number?
True
Suppose -8*i - 590 = -10*i. Suppose 3*v - 93 = -w - 13, 3*w - i = 2*v. Is w prime?
False
Let c = 384381 - 140230. Is c a prime number?
False
Suppose 38*g - 33*g - 35 = 0. Suppose g*o + 18516 = 19*o. Is o composite?
False
Is ((773709/8)/(294/196))/((-2)/(-40)) a composite number?
True
Let l(h) = -1. Let v(q) be the third derivative of 47*q**5/15 + q**4/24 + 7*q**3/6 + 8*q**2. Let s(y) = 6*l(y) + v(y). Is s(-2) composite?
False
Let k(i) = 38*i**3 + 8*i**2 - 20*i + 149. Is k(9) composite?
False
Let g = -503231 + 1728952. Is g composite?
True
Is 3*(4/(-10) - (6 + 2313723/(-45))) a composite number?
False
Suppose 3*j - 2*j - 10 = n, -3*j = 4*n + 12. Let o(s) = 10*s**2 + s - 7. Let t be o(n). Suppose 532 = 4*g - c, 81 = -2*g + 3*c + t. Is g a prime number?
False
Let h be (-2)/((1 - 3)*1). Suppose 0 = -2*y - 5 + h. Is 2 - (-2)/y - -526 a prime number?
False
Suppose 5*f = -5*t + 3030, f = -3*t - 0*f + 1808. Suppose -2*u - t = -b + 2*b, -b = -1. Let m = 608 + u. Is m a prime number?
True
Let o(b) = -b**2 + 6*b - 5. Let r be o(5). Suppose -4*c + 4072 = -4*n, 3*c - 5*c - n + 2024 = r. Let y = -607 + c. Is y a prime number?
False
Let z be (-88)/(-660) - ((-94)/(-30) - 0). Is 34/(-6*z/801) a composite number?
True
Let t = -5 + 8. Let s(o) = o**2 + 27*o + 52. Let k be s(-2). Suppose -3*w - 63 = -t*v, 3*v - 108 = -v - k*w. Is v a composite number?
True
Suppose c - 20901 = d, 83*d - 81*d = 5*c - 104511. Is c prime?
True
Let s be (12969/(-12))/(93/248). Let m = s - -4419. Is m composite?
True
Suppose m = 3*m + 2*g - 3340, -4*m - 5*g + 6685 = 0. Suppose 2*v - 757 - m = -